{"id":734,"date":"2026-05-13T18:18:04","date_gmt":"2026-05-13T15:18:04","guid":{"rendered":"https:\/\/www.kraftmimarlikinsaat.com\/insaat\/?page_id=734"},"modified":"2026-05-13T18:18:04","modified_gmt":"2026-05-13T15:18:04","slug":"kraft-inci-sitesi","status":"publish","type":"page","link":"https:\/\/www.kraftmimarlikinsaat.com\/insaat\/kraft-inci-sitesi\/","title":{"rendered":"KRAFT \u0130NC\u0130 S\u0130TES\u0130"},"content":{"rendered":"","protected":false},"excerpt":{"rendered":"","protected":false},"author":1,"featured_media":0,"parent":0,"menu_order":0,"comment_status":"closed","ping_status":"closed","template":"","meta":{"footnotes":""},"class_list":["post-734","page","type-page","status-publish","hentry"],"_links":{"self":[{"href":"https:\/\/www.kraftmimarlikinsaat.com\/insaat\/wp-json\/wp\/v2\/pages\/734","targetHints":{"allow":["GET"]}}],"collection":[{"href":"https:\/\/www.kraftmimarlikinsaat.com\/insaat\/wp-json\/wp\/v2\/pages"}],"about":[{"href":"https:\/\/www.kraftmimarlikinsaat.com\/insaat\/wp-json\/wp\/v2\/types\/page"}],"author":[{"embeddable":true,"href":"https:\/\/www.kraftmimarlikinsaat.com\/insaat\/wp-json\/wp\/v2\/users\/1"}],"replies":[{"embeddable":true,"href":"https:\/\/www.kraftmimarlikinsaat.com\/insaat\/wp-json\/wp\/v2\/comments?post=734"}],"version-history":[{"count":1,"href":"https:\/\/www.kraftmimarlikinsaat.com\/insaat\/wp-json\/wp\/v2\/pages\/734\/revisions"}],"predecessor-version":[{"id":736,"href":"https:\/\/www.kraftmimarlikinsaat.com\/insaat\/wp-json\/wp\/v2\/pages\/734\/revisions\/736"}],"wp:attachment":[{"href":"https:\/\/www.kraftmimarlikinsaat.com\/insaat\/wp-json\/wp\/v2\/media?parent=734"}],"curies":[{"name":"wp","href":"https:\/\/api.w.org\/{rel}","templated":true}]}}